{"id":1467,"date":"2019-08-02T09:47:59","date_gmt":"2019-08-02T12:47:59","guid":{"rendered":"https:\/\/ifdvregina-rng.infd.edu.ar\/sitio\/?page_id=1467"},"modified":"2020-10-26T19:52:24","modified_gmt":"2020-10-26T22:52:24","slug":"guia-de-tramites-a-realizar-en-el-sitio","status":"publish","type":"page","link":"https:\/\/ifdvregina-rng.infd.edu.ar\/sitio\/guia-de-tramites-a-realizar-en-el-sitio\/","title":{"rendered":"Gu\u00eda de Tr\u00e1mites a Realizar en el Sitio"},"content":{"rendered":"<p><strong>Autogesti\u00f3n<\/strong>:<\/p>\n<p>Si ten\u00e9s que inscribirte en Cursadas o Finales, ten\u00e9s que hacerlo desde el Link <a href=\"https:\/\/www.ifdcregina.edu.ar\/autogestion\/\">Autogesti\u00f3n<\/a> desde la p\u00e1gina principal.<\/p>\n<p>&nbsp;<\/p>\n<p><strong>Aulas Virtuales<\/strong>:<\/p>\n<p>Si quer\u00e9s acceder a alg\u00fan Aula Virtual en la cual est\u00e9s registrado, deb\u00e9s hacerlo desde el Link <a href=\"https:\/\/ifdvregina-rng.infd.edu.ar\/aula\/\">Campus Virtual<\/a> desde la p\u00e1gina principal, o acceder al nuevo Campus del Ministerio de Educaci\u00f3n y Derechos Humanos de la Provincia de R\u00edo Negro, desde <a href=\"https:\/\/campus.educacion.rionegro.gov.ar\/ift\/login\/index.php\" target=\"_blank\" rel=\"noopener\">aqu\u00ed<\/a>.<\/p>\n<p>Si no est\u00e1s registrado en ning\u00fan Aula, no solicites la inscripci\u00f3n desde la pantalla de acceso. Las registraciones s\u00f3lo son indicadas por los Docentes y\/o Secretar\u00eda del IFDC.<\/p>\n<p>&nbsp;<\/p>\n<p><strong>Capacitaciones Docentes<\/strong>:<\/p>\n<p>Si quer\u00e9s acceder a la plataforma de Capacitaciones Docentes para informarte o inscribirte, deb\u00e9s hacerlo accediendo por el men\u00fa Secciones, y haciendo click en <a href=\"https:\/\/www.ifdcregina.edu.ar\/fp\/\">Formaci\u00f3n Permanente<\/a>.<\/p>\n","protected":false},"excerpt":{"rendered":"<p>Autogesti\u00f3n: Si ten\u00e9s que inscribirte en Cursadas o Finales, ten\u00e9s que hacerlo desde el Link Autogesti\u00f3n desde la p\u00e1gina principal. &nbsp; Aulas Virtuales: Si quer\u00e9s acceder a alg\u00fan Aula Virtual en la cual est\u00e9s registrado, deb\u00e9s hacerlo desde el Link Campus Virtual desde la p\u00e1gina principal, o acceder al nuevo Campus del Ministerio de Educaci\u00f3n &#8230; <a title=\"Gu\u00eda de Tr\u00e1mites a Realizar en el Sitio\" class=\"read-more\" href=\"https:\/\/ifdvregina-rng.infd.edu.ar\/sitio\/guia-de-tramites-a-realizar-en-el-sitio\/\" aria-label=\"More on Gu\u00eda de Tr\u00e1mites a Realizar en el Sitio\">[+]<\/a><\/p>\n","protected":false},"author":580,"featured_media":0,"parent":0,"menu_order":0,"comment_status":"closed","ping_status":"closed","template":"","meta":[],"acf":[],"_links":{"self":[{"href":"https:\/\/ifdvregina-rng.infd.edu.ar\/sitio\/wp-json\/wp\/v2\/pages\/1467"}],"collection":[{"href":"https:\/\/ifdvregina-rng.infd.edu.ar\/sitio\/wp-json\/wp\/v2\/pages"}],"about":[{"href":"https:\/\/ifdvregina-rng.infd.edu.ar\/sitio\/wp-json\/wp\/v2\/types\/page"}],"author":[{"embeddable":true,"href":"https:\/\/ifdvregina-rng.infd.edu.ar\/sitio\/wp-json\/wp\/v2\/users\/580"}],"replies":[{"embeddable":true,"href":"https:\/\/ifdvregina-rng.infd.edu.ar\/sitio\/wp-json\/wp\/v2\/comments?post=1467"}],"version-history":[{"count":4,"href":"https:\/\/ifdvregina-rng.infd.edu.ar\/sitio\/wp-json\/wp\/v2\/pages\/1467\/revisions"}],"predecessor-version":[{"id":1668,"href":"https:\/\/ifdvregina-rng.infd.edu.ar\/sitio\/wp-json\/wp\/v2\/pages\/1467\/revisions\/1668"}],"wp:attachment":[{"href":"https:\/\/ifdvregina-rng.infd.edu.ar\/sitio\/wp-json\/wp\/v2\/media?parent=1467"}],"curies":[{"name":"wp","href":"https:\/\/api.w.org\/{rel}","templated":true}]}}